{"id":14,"date":"2016-01-08T15:01:41","date_gmt":"2016-01-08T15:01:41","guid":{"rendered":"http:\/\/www.hospitalnossolar.com.br\/portal\/?page_id=14"},"modified":"2017-02-08T21:21:35","modified_gmt":"2017-02-08T21:21:35","slug":"doacoes","status":"publish","type":"page","link":"http:\/\/www.hospitalnossolar.com.br\/portal\/doacoes\/","title":{"rendered":"Doa\u00e7\u00f5es"},"content":{"rendered":"<div id=\"pl-14\"  class=\"panel-layout\" ><div id=\"pg-14-0\"  class=\"panel-grid panel-no-style\" ><div id=\"pgc-14-0-0\"  class=\"panel-grid-cell\" ><div id=\"panel-14-0-0-0\" class=\"so-panel widget widget_siteorigin-panels-builder panel-first-child panel-last-child\" data-index=\"0\" ><div id=\"pl-w589b8bdfa2cdc\"  class=\"panel-layout\" ><div id=\"pg-w589b8bdfa2cdc-0\"  class=\"panel-grid panel-no-style\" ><div id=\"pgc-w589b8bdfa2cdc-0-0\"  class=\"panel-grid-cell\" ><div id=\"panel-w589b8bdfa2cdc-0-0-0\" class=\"so-panel widget widget_black-studio-tinymce widget_black_studio_tinymce panel-first-child panel-last-child\" data-index=\"0\" ><div class=\"textwidget\"><p>A Hospital Nosso Lar\u00a0presta servi\u00e7os a popula\u00e7\u00e3o mais carente. Entretanto, n\u00e3o obt\u00e9m recursos suficientes para seu atendimento. <br \/>Para cumprir essa nobre miss\u00e3o, precisamos de sua ajuda!<\/p>\n<\/div><\/div><\/div><\/div><div id=\"pg-w589b8bdfa2cdc-1\"  class=\"panel-grid panel-no-style\" ><div id=\"pgc-w589b8bdfa2cdc-1-0\"  class=\"panel-grid-cell panel-grid-cell-mobile-last\" ><div id=\"panel-w589b8bdfa2cdc-1-0-0\" class=\"so-panel widget widget_black-studio-tinymce widget_black_studio_tinymce panel-first-child panel-last-child\" data-index=\"1\" ><div class=\"textwidget\"><p class=\"TEXTO\"><a href=\"http:\/\/www.hospitalnossolar.com.br\/portal\/wp-content\/uploads\/2016\/01\/1.png\" rel=\"attachment wp-att-325\"><img decoding=\"async\" class=\"alignleft wp-image-325\" src=\"http:\/\/www.hospitalnossolar.com.br\/portal\/wp-content\/uploads\/2016\/01\/1.png\" alt=\"1\" width=\"36\" height=\"36\" srcset=\"http:\/\/www.hospitalnossolar.com.br\/portal\/wp-content\/uploads\/2016\/01\/1.png 47w, http:\/\/www.hospitalnossolar.com.br\/portal\/wp-content\/uploads\/2016\/01\/1-45x45.png 45w\" sizes=\"(max-width: 36px) 100vw, 36px\" \/><\/a><\/p>\n<p class=\"TEXTO\">\u00a0<\/p>\n<p class=\"TEXTO\">Fa\u00e7a sua doa\u00e7\u00e3o por meio da <strong>CONTA DE LUZ<\/strong><\/p>\n<p><span class=\"TEXTO\">Com a sua luz voc\u00ea pode ajudar\u00a0 a iluminar o caminho dos nossos pacientes, atrav\u00e9s de doa\u00e7\u00e3o na conta de energia el\u00e9trica.<br \/><a href=\"http:\/\/www.hospitalnossolar.com.br\/portal\/doacao-energia\/\"><strong>Clique aqui<\/strong><\/a>.<\/span><\/p>\n<hr \/>\n<p><a href=\"http:\/\/www.hospitalnossolar.com.br\/portal\/wp-content\/uploads\/2016\/01\/2.png\" rel=\"attachment wp-att-326\"><img decoding=\"async\" class=\"alignleft wp-image-326\" src=\"http:\/\/www.hospitalnossolar.com.br\/portal\/wp-content\/uploads\/2016\/01\/2.png\" alt=\"2\" width=\"36\" height=\"36\" srcset=\"http:\/\/www.hospitalnossolar.com.br\/portal\/wp-content\/uploads\/2016\/01\/2.png 47w, http:\/\/www.hospitalnossolar.com.br\/portal\/wp-content\/uploads\/2016\/01\/2-45x45.png 45w\" sizes=\"(max-width: 36px) 100vw, 36px\" \/><\/a><\/p>\n<p>\u00a0<\/p>\n<p>Fa\u00e7a sua doa\u00e7\u00e3o por meio do <strong>BOLETO BANC\u00c1RIO<\/strong><\/p>\n<p><a href=\"http:\/\/www.hospitalnossolar.com.br\/portal\/wp-content\/uploads\/2016\/01\/codigo-barras.png\" rel=\"attachment wp-att-344\"><img decoding=\"async\" class=\"alignleft size-full wp-image-344\" src=\"http:\/\/www.hospitalnossolar.com.br\/portal\/wp-content\/uploads\/2016\/01\/codigo-barras.png\" alt=\"codigo-barras\" width=\"100\" height=\"54\" \/><\/a><\/p>\n<p>\u00a0<\/p>\n<p>Voc\u00ea pode realizar uma \u00fanica doa\u00e7\u00e3o atrav\u00e9s do boleto banc\u00e1rio no bot\u00e3o abaixo.<\/p>\n<p>\u00a0<\/p>\n<hr \/>\n<p class=\"TEXTO\"><a href=\"http:\/\/www.hospitalnossolar.com.br\/portal\/wp-content\/uploads\/2016\/01\/3.png\" rel=\"attachment wp-att-327\"><img loading=\"lazy\" decoding=\"async\" class=\"alignleft wp-image-327\" src=\"http:\/\/www.hospitalnossolar.com.br\/portal\/wp-content\/uploads\/2016\/01\/3.png\" alt=\"3\" width=\"36\" height=\"36\" srcset=\"http:\/\/www.hospitalnossolar.com.br\/portal\/wp-content\/uploads\/2016\/01\/3.png 47w, http:\/\/www.hospitalnossolar.com.br\/portal\/wp-content\/uploads\/2016\/01\/3-45x45.png 45w\" sizes=\"(max-width: 36px) 100vw, 36px\" \/><\/a><\/p>\n<p class=\"TEXTO\">\u00a0<\/p>\n<p class=\"TEXTO\">Fa\u00e7a sua doa\u00e7\u00e3o atrav\u00e9s do<strong> CART\u00c3O DE CR\u00c9DITO<\/strong><\/p>\n<p class=\"TEXTO\">Para sua maior comodidade, voc\u00ea pode realizar uma \u00fanica doa\u00e7\u00e3o atrav\u00e9s do cart\u00e3o de credito ou optar por doa\u00e7\u00f5es mensais e se tornar um S\u00f3cio Mantenedor. As doa\u00e7\u00f5es ser\u00e3o realizadas atrav\u00e9s do cart\u00e3o de cr\u00e9dito pelo sistema Pag Seguro.<\/p>\n<\/div><\/div><\/div><div id=\"pgc-w589b8bdfa2cdc-1-1\"  class=\"panel-grid-cell panel-grid-cell-empty\" ><\/div><\/div><div id=\"pg-w589b8bdfa2cdc-2\"  class=\"panel-grid panel-has-style\" ><div class=\"panel-row-style panel-row-style-for-w589b8bdfa2cdc-2\" ><div id=\"pgc-w589b8bdfa2cdc-2-0\"  class=\"panel-grid-cell panel-grid-cell-mobile-last\" ><div id=\"panel-w589b8bdfa2cdc-2-0-0\" class=\"so-panel widget widget_black-studio-tinymce widget_black_studio_tinymce panel-first-child panel-last-child\" data-index=\"2\" ><div class=\"textwidget\"><h4><span style=\"color: #800000;\">Doa\u00e7\u00e3o \u00fanica:<\/span><\/h4>\n<p><!-- INICIO FORMULARIO BOTAO PAGSEGURO --><\/p>\n<form action=\"https:\/\/pagseguro.uol.com.br\/checkout\/v2\/donation.html\" method=\"post\"><!-- N\u00c3O EDITE OS COMANDOS DAS LINHAS ABAIXO --><br \/> <input name=\"currency\" type=\"hidden\" value=\"BRL\" \/><br \/> <input name=\"receiverEmail\" type=\"hidden\" value=\"contabil@hospitalnossolar.com.br\" \/><br \/> <input alt=\"Pague com PagSeguro - \u00e9 r\u00e1pido, gr\u00e1tis e seguro!\" name=\"submit\" src=\"https:\/\/stc.pagseguro.uol.com.br\/public\/img\/botoes\/doacoes\/209x48-doar-azul-assina.gif\" type=\"image\" \/><\/form>\n<p><!-- FINAL FORMULARIO BOTAO PAGSEGURO --><\/p>\n<\/div><\/div><\/div><div id=\"pgc-w589b8bdfa2cdc-2-1\"  class=\"panel-grid-cell panel-grid-cell-empty\" ><\/div><\/div><\/div><div id=\"pg-w589b8bdfa2cdc-3\"  class=\"panel-grid panel-has-style\" ><div class=\"panel-row-style panel-row-style-for-w589b8bdfa2cdc-3\" ><div id=\"pgc-w589b8bdfa2cdc-3-0\"  class=\"panel-grid-cell\" ><div id=\"panel-w589b8bdfa2cdc-3-0-0\" class=\"so-panel widget widget_black-studio-tinymce widget_black_studio_tinymce panel-first-child panel-last-child\" data-index=\"3\" ><div class=\"textwidget\"><h4><span style=\"color: #800000;\">Assinatura mensal R$ 30,00<\/span><\/h4>\n<p><!-- INICIO FORMULARIO BOTAO PAGSEGURO --><\/p>\n<form action=\"https:\/\/pagseguro.uol.com.br\/v2\/pre-approvals\/request.html\" method=\"post\"><!-- N\u00c3O EDITE OS COMANDOS DAS LINHAS ABAIXO --><br \/> <input name=\"code\" type=\"hidden\" value=\"33D765E39898144AA44F7F90CBF0CC92\" \/><br \/> <input alt=\"Pague com PagSeguro - \u00e9 r\u00e1pido, gr\u00e1tis e seguro!\" name=\"submit\" src=\"https:\/\/stc.pagseguro.uol.com.br\/public\/img\/botoes\/assinaturas\/209x48-assinar-azul-assina.gif\" type=\"image\" \/><\/form>\n<p><!-- FINAL FORMULARIO BOTAO PAGSEGURO --><\/p>\n<\/div><\/div><\/div><div id=\"pgc-w589b8bdfa2cdc-3-1\"  class=\"panel-grid-cell\" ><div id=\"panel-w589b8bdfa2cdc-3-1-0\" class=\"so-panel widget widget_black-studio-tinymce widget_black_studio_tinymce panel-first-child panel-last-child\" data-index=\"4\" ><div class=\"textwidget\"><h4><span style=\"color: #800000;\">Assinatura anual - R$ 360,00<\/span><\/h4>\n<p><!-- INICIO FORMULARIO BOTAO PAGSEGURO --><\/p>\n<form action=\"https:\/\/pagseguro.uol.com.br\/v2\/pre-approvals\/request.html\" method=\"post\">\n<!-- N\u00c3O EDITE OS COMANDOS DAS LINHAS ABAIXO --><br \/>\n<input type=\"hidden\" name=\"code\" value=\"3E690E8C5252D682246D3FA4286A84A0\" \/><br \/>\n<input type=\"image\" src=\"https:\/\/stc.pagseguro.uol.com.br\/public\/img\/botoes\/assinaturas\/209x48-assinar-azul-assina.gif\" name=\"submit\" alt=\"Pague com PagSeguro - \u00e9 r\u00e1pido, gr\u00e1tis e seguro!\" \/><br \/>\n<\/form>\n<p><!-- FINAL FORMULARIO BOTAO PAGSEGURO --><\/p>\n<\/div><\/div><\/div><\/div><\/div><div id=\"pg-w589b8bdfa2cdc-4\"  class=\"panel-grid panel-has-style\" ><div class=\"panel-row-style panel-row-style-for-w589b8bdfa2cdc-4\" ><div id=\"pgc-w589b8bdfa2cdc-4-0\"  class=\"panel-grid-cell\" ><div id=\"panel-w589b8bdfa2cdc-4-0-0\" class=\"so-panel widget widget_black-studio-tinymce widget_black_studio_tinymce panel-first-child panel-last-child\" data-index=\"5\" ><div class=\"textwidget\"><h4><span style=\"color: #800000;\">Assinatura mensal - R$ 50,00<\/span><\/h4>\n<p><!-- INICIO FORMULARIO BOTAO PAGSEGURO --><\/p>\n<form action=\"https:\/\/pagseguro.uol.com.br\/v2\/pre-approvals\/request.html\" method=\"post\">\n<!-- N\u00c3O EDITE OS COMANDOS DAS LINHAS ABAIXO --><br \/>\n<input type=\"hidden\" name=\"code\" value=\"7DCBE57DE4E4151DD448DF8F5FA2E79A\" \/><br \/>\n<input type=\"image\" src=\"https:\/\/stc.pagseguro.uol.com.br\/public\/img\/botoes\/assinaturas\/209x48-assinar-azul-assina.gif\" name=\"submit\" alt=\"Pague com PagSeguro - \u00e9 r\u00e1pido, gr\u00e1tis e seguro!\" \/><br \/>\n<\/form>\n<p><!-- FINAL FORMULARIO BOTAO PAGSEGURO --><\/p>\n<\/div><\/div><\/div><div id=\"pgc-w589b8bdfa2cdc-4-1\"  class=\"panel-grid-cell\" ><div id=\"panel-w589b8bdfa2cdc-4-1-0\" class=\"so-panel widget widget_black-studio-tinymce widget_black_studio_tinymce panel-first-child panel-last-child\" data-index=\"6\" ><div class=\"textwidget\"><h4><span style=\"color: #800000;\">Assinatura anual - R$ 600,00<\/span><\/h4>\n<p><!-- INICIO FORMULARIO BOTAO PAGSEGURO --><\/p>\n<form action=\"https:\/\/pagseguro.uol.com.br\/v2\/pre-approvals\/request.html\" method=\"post\">\n<!-- N\u00c3O EDITE OS COMANDOS DAS LINHAS ABAIXO --><br \/>\n<input type=\"hidden\" name=\"code\" value=\"15014987777749EBB4D24FB440971BDE\" \/><br \/>\n<input type=\"image\" src=\"https:\/\/stc.pagseguro.uol.com.br\/public\/img\/botoes\/assinaturas\/209x48-assinar-azul-assina.gif\" name=\"submit\" alt=\"Pague com PagSeguro - \u00e9 r\u00e1pido, gr\u00e1tis e seguro!\" \/><br \/>\n<\/form>\n<p><!-- FINAL FORMULARIO BOTAO PAGSEGURO --><\/p>\n<\/div><\/div><\/div><\/div><\/div><div id=\"pg-w589b8bdfa2cdc-5\"  class=\"panel-grid panel-has-style\" ><div class=\"panel-row-style panel-row-style-for-w589b8bdfa2cdc-5\" ><div id=\"pgc-w589b8bdfa2cdc-5-0\"  class=\"panel-grid-cell\" ><div id=\"panel-w589b8bdfa2cdc-5-0-0\" class=\"so-panel widget widget_black-studio-tinymce widget_black_studio_tinymce panel-first-child panel-last-child\" data-index=\"7\" ><div class=\"textwidget\"><h4><span style=\"color: #800000;\">Assinatura mensal - R$ 100,00<\/span><\/h4>\n<p><!-- INICIO FORMULARIO BOTAO PAGSEGURO --><\/p>\n<form action=\"https:\/\/pagseguro.uol.com.br\/v2\/pre-approvals\/request.html\" method=\"post\">\n<!-- N\u00c3O EDITE OS COMANDOS DAS LINHAS ABAIXO --><br \/>\n<input type=\"hidden\" name=\"code\" value=\"868F220DBEBEF918841B4FAF75BD69E9\" \/><br \/>\n<input type=\"image\" src=\"https:\/\/stc.pagseguro.uol.com.br\/public\/img\/botoes\/assinaturas\/209x48-assinar-azul-assina.gif\" name=\"submit\" alt=\"Pague com PagSeguro - \u00e9 r\u00e1pido, gr\u00e1tis e seguro!\" \/><br \/>\n<\/form>\n<p><!-- FINAL FORMULARIO BOTAO PAGSEGURO --><\/p>\n<\/div><\/div><\/div><div id=\"pgc-w589b8bdfa2cdc-5-1\"  class=\"panel-grid-cell\" ><div id=\"panel-w589b8bdfa2cdc-5-1-0\" class=\"so-panel widget widget_black-studio-tinymce widget_black_studio_tinymce panel-first-child panel-last-child\" data-index=\"8\" ><div class=\"textwidget\"><h4><span style=\"color: #800000;\">Assinatura anual - R$ 1.200,00<\/span><\/h4>\n<p><!-- INICIO FORMULARIO BOTAO PAGSEGURO --><\/p>\n<form action=\"https:\/\/pagseguro.uol.com.br\/v2\/pre-approvals\/request.html\" method=\"post\"><!-- N\u00c3O EDITE OS COMANDOS DAS LINHAS ABAIXO --><br \/> <input name=\"code\" type=\"hidden\" value=\"BD19752FBABAA3E994E11FA30CB9DF26\" \/><br \/> <input alt=\"Pague com PagSeguro - \u00e9 r\u00e1pido, gr\u00e1tis e seguro!\" name=\"submit\" src=\"https:\/\/stc.pagseguro.uol.com.br\/public\/img\/botoes\/assinaturas\/209x48-assinar-azul-assina.gif\" type=\"image\" \/><\/form>\n<p><!-- FINAL FORMULARIO BOTAO PAGSEGURO --><\/p>\n<\/div><\/div><\/div><\/div><\/div><div id=\"pg-w589b8bdfa2cdc-6\"  class=\"panel-grid panel-no-style\" ><div id=\"pgc-w589b8bdfa2cdc-6-0\"  class=\"panel-grid-cell\" ><div id=\"panel-w589b8bdfa2cdc-6-0-0\" class=\"so-panel widget widget_black-studio-tinymce widget_black_studio_tinymce panel-first-child panel-last-child\" data-index=\"9\" ><div class=\"textwidget\"><p class=\"TEXTO\"><a href=\"http:\/\/www.hospitalnossolar.com.br\/portal\/wp-content\/uploads\/2016\/01\/4.png\" rel=\"attachment wp-att-328\"><img loading=\"lazy\" decoding=\"async\" class=\"alignleft wp-image-328\" src=\"http:\/\/www.hospitalnossolar.com.br\/portal\/wp-content\/uploads\/2016\/01\/4.png\" alt=\"4\" width=\"36\" height=\"36\" srcset=\"http:\/\/www.hospitalnossolar.com.br\/portal\/wp-content\/uploads\/2016\/01\/4.png 47w, http:\/\/www.hospitalnossolar.com.br\/portal\/wp-content\/uploads\/2016\/01\/4-45x45.png 45w\" sizes=\"(max-width: 36px) 100vw, 36px\" \/><\/a><\/p>\n<p class=\"TEXTO\">\u00a0<\/p>\n<p class=\"TEXTO\">Fa\u00e7a sua doa\u00e7\u00e3o atrav\u00e9s das nossas <strong>CONTAS CORRENTES<\/strong><\/p>\n<p class=\"TEXTO\">Voc\u00ea pode realizar doa\u00e7\u00e3o diretamente na conta corrente, beneficiando o projeto de sua prefer\u00eancia:<\/p>\n<table border=\"0\" width=\"581\" cellspacing=\"0\" cellpadding=\"5\">\n<tbody>\n<tr class=\"TEXTO\" align=\"center\">\n<td align=\"center\" width=\"203\"><strong>PROJETOS<\/strong><\/td>\n<td align=\"center\" width=\"100\"><strong>BANCO<\/strong><\/td>\n<td align=\"center\" width=\"88\"><strong>AG\u00caNCIA<\/strong><\/td>\n<td align=\"center\" width=\"150\"><strong>CONTA CORRENTE<\/strong><\/td>\n<\/tr>\n<tr class=\"TEXTO\" align=\"center\">\n<td class=\"traco\" rowspan=\"2\" align=\"center\"><a href=\"http:\/\/www.hospitalnossolar.com.br\/portal\/wp-content\/uploads\/2016\/01\/nosso_lar.png\" rel=\"attachment wp-att-31\"><img loading=\"lazy\" decoding=\"async\" class=\"size-full wp-image-31 aligncenter\" src=\"http:\/\/www.hospitalnossolar.com.br\/portal\/wp-content\/uploads\/2016\/01\/nosso_lar.png\" alt=\"nosso_lar\" width=\"112\" height=\"92\" \/><\/a><\/td>\n<td class=\"traco\" align=\"center\"><a href=\"http:\/\/www.hospitalnossolar.com.br\/portal\/wp-content\/uploads\/2016\/01\/banco-do-brasil.png\" rel=\"attachment wp-att-349\"><img loading=\"lazy\" decoding=\"async\" class=\"aligncenter size-full wp-image-349\" src=\"http:\/\/www.hospitalnossolar.com.br\/portal\/wp-content\/uploads\/2016\/01\/banco-do-brasil.png\" alt=\"banco-do-brasil\" width=\"70\" height=\"73\" \/><\/a><\/td>\n<td class=\"traco\" align=\"center\">\u00a0<b>4211-0<\/b><\/td>\n<td class=\"traco\" align=\"center\"><b>6114-X<\/b>\u00a0<\/td>\n<\/tr>\n<tr class=\"traco\" align=\"center\">\n<td class=\"traco\" align=\"center\"><a href=\"http:\/\/www.hospitalnossolar.com.br\/portal\/wp-content\/uploads\/2016\/01\/itau.png\"><img loading=\"lazy\" decoding=\"async\" class=\"aligncenter size-full wp-image-384\" src=\"http:\/\/www.hospitalnossolar.com.br\/portal\/wp-content\/uploads\/2016\/01\/itau.png\" alt=\"itau\" width=\"70\" height=\"73\" \/><\/a><\/td>\n<td class=\"traco\" align=\"center\">\u00a0<\/td>\n<td class=\"traco\" align=\"center\">\u00a0<\/td>\n<\/tr>\n<tr class=\"traco\" align=\"center\">\n<td class=\"traco\" align=\"center\">\u00a0<\/td>\n<td class=\"traco\" align=\"center\"><a href=\"http:\/\/www.hospitalnossolar.com.br\/portal\/wp-content\/uploads\/2016\/01\/caixa-economica.png\"><img loading=\"lazy\" decoding=\"async\" class=\"aligncenter size-full wp-image-383\" src=\"http:\/\/www.hospitalnossolar.com.br\/portal\/wp-content\/uploads\/2016\/01\/caixa-economica.png\" alt=\"caixa-economica\" width=\"70\" height=\"73\" \/><\/a><\/td>\n<td class=\"traco\" align=\"center\"><strong>1979<\/strong>\u00a0<\/td>\n<td class=\"traco\" align=\"center\"><strong> 3027-0\u00a0<\/strong><\/td>\n<\/tr>\n<tr class=\"traco\" align=\"center\">\n<td class=\"traco\" align=\"center\">\u00a0<\/td>\n<td class=\"traco\" align=\"center\">\u00a0<\/td>\n<td class=\"traco\" align=\"center\">\u00a0<\/td>\n<td class=\"traco\" align=\"center\">\u00a0<\/td>\n<\/tr>\n<tr class=\"traco\" align=\"center\">\n<td align=\"center\">\u00a0<\/td>\n<td align=\"center\">\u00a0<\/td>\n<td align=\"center\">\u00a0<\/td>\n<td align=\"center\">\u00a0<\/td>\n<\/tr>\n<\/tbody>\n<\/table>\n<\/div><\/div><\/div><\/div><\/div><\/div><\/div><\/div><\/div>","protected":false},"excerpt":{"rendered":"<p>A Hospital Nosso Lar\u00a0presta servi\u00e7os a popula\u00e7\u00e3o mais carente. Entretanto, n\u00e3o obt\u00e9m recursos suficientes para seu atendimento. Para cumprir essa nobre miss\u00e3o, precisamos de sua ajuda! \u00a0 Fa\u00e7a sua doa\u00e7\u00e3o por meio da CONTA DE LUZ Com a sua luz voc\u00ea pode ajudar\u00a0 a iluminar o caminho dos nossos pacientes, atrav\u00e9s de doa\u00e7\u00e3o na conta [&hellip;]<\/p>\n","protected":false},"author":1,"featured_media":0,"parent":0,"menu_order":0,"comment_status":"closed","ping_status":"closed","template":"templates\/front_1.php","meta":{"footnotes":""},"class_list":["post-14","page","type-page","status-publish","hentry"],"_links":{"self":[{"href":"http:\/\/www.hospitalnossolar.com.br\/portal\/wp-json\/wp\/v2\/pages\/14","targetHints":{"allow":["GET"]}}],"collection":[{"href":"http:\/\/www.hospitalnossolar.com.br\/portal\/wp-json\/wp\/v2\/pages"}],"about":[{"href":"http:\/\/www.hospitalnossolar.com.br\/portal\/wp-json\/wp\/v2\/types\/page"}],"author":[{"embeddable":true,"href":"http:\/\/www.hospitalnossolar.com.br\/portal\/wp-json\/wp\/v2\/users\/1"}],"replies":[{"embeddable":true,"href":"http:\/\/www.hospitalnossolar.com.br\/portal\/wp-json\/wp\/v2\/comments?post=14"}],"version-history":[{"count":28,"href":"http:\/\/www.hospitalnossolar.com.br\/portal\/wp-json\/wp\/v2\/pages\/14\/revisions"}],"predecessor-version":[{"id":531,"href":"http:\/\/www.hospitalnossolar.com.br\/portal\/wp-json\/wp\/v2\/pages\/14\/revisions\/531"}],"wp:attachment":[{"href":"http:\/\/www.hospitalnossolar.com.br\/portal\/wp-json\/wp\/v2\/media?parent=14"}],"curies":[{"name":"wp","href":"https:\/\/api.w.org\/{rel}","templated":true}]}}